/(-10)*5*-93?
3
Let g(w) = 94*w**3 - 26*w**2 + 38*w + 21. What is the units digit of g(6)?
7
Suppose -37*a - 3*l = -32*a - 53396, -53408 = -5*a + l. What is the thousands digit of a?
0
Let p = -74 - -87. Suppose p*k - 299 - 247 = 0. What is the units digit of k?
2
Let q = -86813 + 127133. What is the hundreds digit of q?
3
Suppose 5*t = 5*r + 3*t - 672, 5*r - t = 671. Let m = -6 + r. What is the hundreds digit of m?
1
Let z be (0 - (-6 + -15))*3. Let c = 200 - z. What is the hundreds digit of c?
1
Let f = -6790 + 3549. Let o = 4622 + f. What is the tens digit of o?
8
Let q be ((-803901)/(-39) - -4) + 22/143. Suppose -q + 2548 = -19*w. What is the hundreds digit of w?
9
Suppose 1372 = 31*z - 29*z. Suppose -4*p + 6*p - z = 0. What is the tens digit of p?
4
Suppose -42192 = -13*t + 12*t - 15*t. What is the hundreds digit of t?
6
Let t(r) = -14 + 14*r**2 + 4*r**2 - 384*r**3 + 385*r**3 - 28*r. What is the units digit of t(-18)?
0
Let z = -167 + 163. Let g be -1 + -3 - -3 - -2. What is the units digit of (z - (-1 + -4))*g - -2?
3
Let r(t) be the third derivative of -t**3/6 - 7*t**2. Let n(a) = -5*a - 15. Let m(c) = -n(c) + 6*r(c). What is the tens digit of m(7)?
4
Suppose 0 = 3*j - 15, 9620 = 25*g - 24*g - 4*j. What is the hundreds digit of g?
6
Suppose -5*k = -3*n - 0*k - 198, -2*n + k = 132. What is the tens digit of -4 + (-17413)/n - 2/(-12)?
6
Let p(m) = 75*m**2 + 147*m + 2153. What is the ten thousands digit of p(-20)?
2
Suppose -3*y = -5*v - 19, -14 = -0*y - 4*y + v. What is the tens digit of (1 + 176)*1/y?
5
Suppose 13 = -m + 16. Suppose 2*v - 6*v - 4*r = -28, -m*r - 14 = -2*v. What is the units digit of (v/7)/1*(-1 + 58)?
7
Let o(a) = 4787*a**3 + a**2 - 11*a + 14. What is the ten thousands digit of o(2)?
3
Let h be (15/10)/(6/8). Suppose -h*a + 5 = p, 0*a - 4*a + p + 19 = 0. Suppose -2*k + 3*j + 476 = -0*k, 0 = -k - a*j + 260. What is the hundreds digit of k?
2
Let l = 69 + -50. Let r(h) = -h**2 + 19*h. Let w be r(l). Suppose 4*m - 5*m + 57 = w. What is the tens digit of m?
5
Let h(g) = -9126*g - 1519. What is the ten thousands digit of h(-2)?
1
Suppose -2*f = -2*v + 3*v + 517, 5*f - 20 = 0. What is the hundreds digit of 1260*(-15)/(v/28)?
0
Let t(q) = 11*q + 118. Let o be t(-10). What is the tens digit of (2 - 318/(-4))*(o + 6)?
4
Suppose -45 + 153 = -4*g. Let c = g + 27. Suppose c = -5*i - 12 + 37. What is the units digit of i?
5
Let v(u) = 17016*u - 13. What is the tens digit of v(2)?
1
Let d = 39 - 40. Let w be 8/(d*(-4)/(-2802)*3). What is the hundreds digit of w/(-16) - 1/(-4)?
1
What is the hundreds digit of 8 + -10 - (-4*4124)/1?
4
Let i(s) = 52*s**3 - 10*s**2 - 44*s - 3. Let w be i(-3). Let z = w - -2247. What is the tens digit of z?
8
Suppose -3*t - 2*n = 2*n - 18, 5*t = -2*n + 16. Suppose -3*c = t*c + 2020. What is the hundreds digit of (c/(-10))/(18/45)?
1
Let c be 46/(-92) - 1/(2/(-81)). Suppose -c*z = -37*z - 1563. What is the hundreds digit of z?
5
Let t(i) = i + 12. Let h be t(12). Suppose 4*b + 4 = h. Suppose g = 3*u + 59, -b*u + 8*u - 12 = 0. What is the tens digit of g?
7
Suppose -4*k - 213 = 5*p - 0*p, 0 = -3*k - 3*p - 162. Let z = -286 - -287. Let w = z - k. What is the units digit of w?
8
Suppose c + 780 = 3*q - 4*c, 0 = -3*q - 5*c + 780. Let o be q/8*48/(-15). What is the tens digit of (((-66)/4)/(-11))/((-3)/o)?
5
Suppose -13*d - 680 = 3493. Let p = d - -924. Suppose -2*x - 2*x - 230 = -2*w, -3*x = -5*w + p. What is the units digit of w?
3
Let t = 19769 + -10177. What is the thousands digit of t?
9
Let q be (6/(-8))/((-6)/24). Suppose -q*i + 5*i = -6. What is the tens digit of (110/i)/((-8)/12)?
5
Let w be 125/5 + -3 - 0. Let o = w + -71. What is the units digit of (-36)/(-21)*o/(-14)?
6
Suppose 0 = -4*k + 2*x + 54, -x = -0*k + k - 9. Suppose 0 = 33*a + 19*a - 4*a - 96. What is the units digit of 74/a + (-12)/k?
6
Let y(v) be the second derivative of 9*v**3/2 + 17*v**2/2 - 6*v. Let b be y(21). Suppose 5*i + 3*i = b. What is the units digit of i?
3
Suppose -2*m + 20 = 3*g - 3*m, 3*m = g - 20. Suppose 0 = 3*b - 3*r - 189, 0 = g*b - 7*b - 3*r + 141. What is the units digit of b?
6
Let b be (6*(-12)/9)/(-2). Suppose -r + t = -t + 8, -r - b*t = -10. Let l(i) = -29*i. What is the tens digit of l(r)?
5
Let k(v) = 8*v**3 - 7*v**2 - 15*v - 281. Let f(j) = j**3 - j**2 - 2*j. Let m(q) = 6*f(q) - k(q). What is the tens digit of m(0)?
8
Suppose 2*i = 27597 + 58685. What is the ten thousands digit of i?
4
Let g(l) = 528*l**2 - 7*l - 4. Let w be g(-1). Suppose -w = -15*x + 444. What is the units digit of x?
5
Let l(k) = -k**2 + 23*k - 79. Let n be l(19). What is the units digit of n*(-12 - 5) - 0?
1
What is the hundreds digit of (204 + -200)*(-12798)/(-8)?
3
Let l = 36 - 20. Suppose 7*r = 12 + l. What is the units digit of r?
4
Let k(r) = -5*r**3 + 16*r**2 - 18 + 4*r**3 + 23*r - 29 + 15. What is the tens digit of k(17)?
7
Let z be -6*8/(-20)*20/(-16). Let m be (-255)/(-1 - 2) - 9/z. What is the hundreds digit of (m*3)/((-12)/(-8) + 0)?
1
Let v(c) = -c**2 - 33*c + 48. Suppose 4*x = -5*l - 104, 16*l = x + 12*l + 5. What is the tens digit of v(x)?
0
Suppose -2*u - 25 = 3*l - 8*l, 5*u + 34 = 3*l. Let z(m) = -3*m**2 + 3*m + 5. Let o be z(l). Let b(x) = -3*x. What is the units digit of b(o)?
9
Let q(o) = 18*o - 21. Let v(d) = 12*d - 11. Let x(r) = -3*q(r) + 5*v(r). What is the tens digit of x(3)?
2
Suppose 0 = 34*c - 39*c + 3*v + 38786, 0 = -c - 2*v + 7752. What is the tens digit of c?
5
Let z = -24061 - -105165. What is the tens digit of z?
0
Suppose -3*x + 13*z - 12*z = -93, 45 = 2*x + 5*z. What is the units digit of 4/10 - ((-16788)/x + -7)?
7
Let i be ((-16)/14)/((-6)/21). Suppose 3*x + s = -s + 2, -3*s + 2 = i*x. Suppose 91 = -t + x*t. What is the tens digit of t?
9
Let j = 275 - 273. Suppose -5*d - 2119 = -5*l + l, -j*l + 2*d = -1058. What is the units digit of l?
6
Let b(d) = -292*d**3 + 5*d**2 - 109*d - 676. What is the thousands digit of b(-6)?
3
Let f be 7/3*(-10 + 193). Suppose -2*a = -5*r - f, a - 77 = 2*r + 94. Let o = r + 146. What is the units digit of o?
1
Suppose -x - 6*k = -k - 1200, -3*x + 3576 = 3*k. Suppose -x = 5*g + 3*i - 283, 5*i = -2*g - 378. Let o = 274 + g. What is the units digit of o?
5
Let v = -74 + 77. Suppose -v*k - 36 = -x + 66, -224 = -2*x - 4*k. What is the tens digit of x?
0
Let z = -1683 - -3033. What is the thousands digit of z + (-7 + 31)/(-8)?
1
Let r = 91 - 72. Suppose r*g = 5754 - 491. What is the units digit of g?
7
Suppose -5*q + 3*m + 63 = 0, 4*q - 4*m = -8*m + 44. What is the tens digit of 582*(0 + q/9)?
7
Let f be 2499/35 - (-4)/(-10). Let t = f + -50. What is the units digit of (0 + 75)*(22 - t)?
5
Suppose 3*s - 227402 = -5*w, -213186 - 14200 = -5*w + s. What is the thousands digit of w?
5
Let c be ((-6)/12*0/(-2))/3. Suppose 0 = -0*q - 3*q + 3*y + 9, c = -4*q + 5*y + 15. Suppose -4*j = 4*o - 384, -5*j + q = 15. What is the units digit of o?
9
Let q be (3/(-12))/((-2)/40). Suppose 10*u = 8*u + 6, 0 = -v - u + 5. Suppose q*g + 4*c = 521, -c - 186 = -v*g + 3*c. What is the hundreds digit of g?
1
Suppose -3*x + 7 = -2*i, -3*x - 2*x + 19 = 4*i. Suppose x*w = 10*w - 616. What is the units digit of w?
8
Let s = 576 + -574. Suppose c = 3*c - 2, s*i - 1404 = -4*c. What is the hundreds digit of i?
7
Let p = 18244 - 7226. What is the hundreds digit of p?
0
Let f be -1*((-4 - -3) + -2 - -2). Let t(u) = 2*u**2 - u. Let l be t(f). What is the tens digit of ((-15)/(-4))/(134/(-136) + l)?
5
Suppose -26*c - 6 = -27*c. What is the hundreds digit of (-6035)/(-5) - (c + -2)?
2
Let s = 537 - 535. Suppose 734 = 4*a - 0*a - 3*r, s*a = -r + 362. What is the hundreds digit of a?
1
Suppose -106*y - 647719 = -8325299. What is the thousands digit of y?
2
Suppose -66*b = 19*b - 707625. What is the tens digit of b?
2
Let w be -977*(-84)/20 + (-9)/(-15). Suppose 15*b - w = 9*b. What is the units digit of b?
4
Suppose 0 = 2*f - 47 + 5. Let m be 3 - (-498)/f - 2/(-7). Let t = m + 5. What is the units digit of t?
2
Let o(w) = 2*w**3 + 92*w**2 - 114*w. What is the tens digit of o(-45)?
8
Let o(g) be the first derivative of 129*g**4/2 + 4*g**3/3 - g + 4. What is the hundreds digit of o(1)?
2
Suppose 110 = -11*p + 484. Suppose -p*w + 15926 = -3488. What is the hundreds digit of w?
5
Let f(m) = 707*m - 42. Let p be f(3). L